45980?
2, 3, 5, 7, 2848919
List the prime factors of 1040222824.
2, 130027853
List the prime factors of 542157739.
542157739
What are the prime factors of 117965229?
3, 23, 191, 8951
What are the prime factors of 36799902?
2, 3, 541, 3779
What are the prime factors of 138776175?
3, 5, 616783
What are the prime factors of 243632290?
2, 5, 11, 227, 887
What are the prime factors of 2953375580?
2, 5, 19, 31, 239, 1049
List the prime factors of 1558894239.
3, 7, 24744353
List the prime factors of 1969339557.
3, 23, 2549, 11197
List the prime factors of 4350498892.
2, 569, 1911467
What are the prime factors of 2676738265?
5, 535347653
What are the prime factors of 276527390?
2, 5, 23, 1202293
List the prime factors of 1111393208.
2, 47, 2955833
List the prime factors of 23648979.
3, 113, 69761
List the prime factors of 391201672.
2, 48900209
List the prime factors of 948422699.
7, 29, 59, 79187
List the prime factors of 147460120.
2, 5, 3686503
What are the prime factors of 112751382?
2, 3, 23, 817039
List the prime factors of 28984104.
2, 3, 59, 6823
What are the prime factors of 43741276?
2, 10935319
What are the prime factors of 126416500?
2, 5, 7, 19, 1901
What are the prime factors of 3164849220?
2, 3, 5, 13, 23, 176413
List the prime factors of 96537547.
149, 277, 2339
List the prime factors of 2385134485.
5, 477026897
List the prime factors of 2271621124.
2, 17, 33406193
What are the prime factors of 153997106?
2, 76998553
List the prime factors of 24002656.
2, 750083
What are the prime factors of 55485587?
41, 839, 1613
List the prime factors of 1194008867.
23, 83, 239, 2617
List the prime factors of 54050126.
2, 13, 2078851
What are the prime factors of 149827706?
2, 7, 10701979
What are the prime factors of 1310063209?
7, 13, 14396299
What are the prime factors of 499272867?
3, 41, 1353043
List the prime factors of 249825087.
3, 9252781
List the prime factors of 32195177.
7, 19, 242069
List the prime factors of 162284671.
83, 1955237
List the prime factors of 225915285.
3, 5, 101, 149119
List the prime factors of 886451877.
3, 337, 97423
List the prime factors of 1304228307.
3, 434742769
List the prime factors of 115537496.
2, 31, 373, 1249
List the prime factors of 722620916.
2, 180655229
What are the prime factors of 3340302709?
3340302709
What are the prime factors of 101566298?
2, 23, 2207963
What are the prime factors of 159143366?
2, 797, 99839
List the prime factors of 2398739884.
2, 79, 7590949
List the prime factors of 175951282.
2, 13, 433, 15629
List the prime factors of 155756655.
3, 5, 1153753
What are the prime factors of 3533316900?
2, 3, 5, 11777723
List the prime factors of 2784544513.
89, 31287017
List the prime factors of 5517889592.
2, 9743, 70793
List the prime factors of 74129604.
2, 3, 67, 137, 673
List the prime factors of 145661951.
211, 690341
List the prime factors of 1532578419.
3, 3061, 55631
What are the prime factors of 3453172464?
2, 3, 7, 17, 604547
What are the prime factors of 271071748?
2, 47, 1441871
List the prime factors of 2518828708.
2, 11, 19, 59, 223, 229
What are the prime factors of 4061236654?
2, 31, 65503817
List the prime factors of 95063175.
3, 5, 19, 37, 601
What are the prime factors of 2091559893?
3, 283, 2463557
What are the prime factors of 249187151?
941, 264811
List the prime factors of 7251652106.
2, 23, 157644611
List the prime factors of 116820478.
2, 58410239
List the prime factors of 31312834.
2, 7, 59, 167, 227
List the prime factors of 4349646666.
2, 3, 37, 223, 29287
What are the prime factors of 38805921?
3, 7, 11, 55997
What are the prime factors of 3053981624?
2, 941, 405683
What are the prime factors of 111690591?
3, 307, 121271
List the prime factors of 373825747.
29, 12890543
List the prime factors of 75612180.
2, 3, 5, 7, 67, 2687
List the prime factors of 149242059.
3, 16582451
List the prime factors of 132709548.
2, 3, 17, 650537
What are the prime factors of 391922764?
2, 227, 653, 661
What are the prime factors of 1873794823?
41851, 44773
List the prime factors of 528223285.
5, 37, 2855261
What are the prime factors of 1700740184?
2, 11, 13, 135151
What are the prime factors of 16983839?
43, 71, 5563
What are the prime factors of 1933185487?
167, 11575961
List the prime factors of 3125946178.
2, 10853, 144013
List the prime factors of 670338405.
3, 5, 11, 577, 2347
What are the prime factors of 1920068903?
647, 2967649
What are the prime factors of 445330241?
445330241
List the prime factors of 337188628.
2, 7, 43, 103, 2719
What are the prime factors of 2573212741?
11, 1549, 13729
List the prime factors of 25549898.
2, 11, 1009, 1151
What are the prime factors of 67856338?
2, 11, 947, 3257
What are the prime factors of 4203915?
3, 5, 47, 67, 89
List the prime factors of 534687572.
2, 133671893
List the prime factors of 3949245681.
3, 97, 13571291
What are the prime factors of 740208176?
2, 53, 523, 1669
What are the prime factors of 146549494?
2, 7, 13, 16433
What are the prime factors of 58374156?
2, 3, 19, 503, 509
What are the prime factors of 172718048?
2, 1423, 3793
List the prime factors of 1701036045.
3, 5, 229, 18341
What are the prime factors of 277479389?
11, 17, 137, 10831
What are the prime factors of 476117749?
61, 7805209
List the prime factors of 27279399.
3, 7, 1299019
List the prime factors of 59236934.
2, 53, 83, 6733
What are the prime factors of 504565457?
11, 17, 2698211
List the prime factors of 2166146650.
2, 5, 59, 103, 7129
What are the prime factors of 4048890?
2, 3, 5, 17, 467
List the prime factors of 860400078.
2, 3, 83, 1727711
List the prime factors of 49101046.
2, 24550523
List the prime factors of 18524137.
523, 35419
What are the prime factors of 118066036?
2, 11, 2683319
What are the prime factors of 1632873780?
2, 3, 5, 9071521
List the prime factors of 32627035.
5, 7, 31, 30071
List the prime factors of 22810318.
2, 1303, 8753
List the prime factors of 47092902.
2, 3, 359, 21863
List the prime factors of 252677099.
252677099
What are the prime factors of 597720196?
2, 1097, 136217
What are the prime factors of 116376262?
2, 58188131
List the prime factors of 7940122915.
5, 79, 20101577
What are the prime factors of 2989021928?
2, 373627741
List the prime factors of 1070159520.
2, 3, 5, 17, 313, 419
List the prime factors of 478039413.
3, 83, 467, 4111
List the prime factors of 68187872.
2, 1433, 1487
List the prime factors of 4135090389.
3, 67, 101, 347, 587
What are the prime factors of 11189729?
31, 360959
List the prime factors of 4667529924.
2, 3, 61, 2125469
What are the prime factors of 98673139?
83, 751, 1583
What are the prime factors of 59669079?
3, 31, 43, 347
List the prime factors of 316673152.
2, 19, 130211
What are the prime factors of 174961998?
2, 3, 3240037
What are the prime factors of 102128922?
2, 3, 7, 810547
List the prime factors of 2229774513.
3, 317, 709, 3307
What are the prime factors of 2702206411?
227, 11903993
What are the prime factors of 750089092?
2, 479, 391487
What are the prime factors of 935686046?
2, 19, 23, 1070579
List the prime factors of 55281596.
2, 13820399
List the prime factors of 47051608.
2, 449, 13099
What are the prime factors of 96645451?
7, 13806493
What are the prime factors of 627883392?
2, 3, 443, 3691
List the prime factors of 2349088602.
2, 3, 7, 139, 402379
What are the prime factors of 258031493?
258031493
List the prime factors of 2487253731.
3, 17, 571, 85411
List the prime factors of 101937531.
3, 33979177
List the prime factors of 43629589.
43629589
List the prime factors of 3893405676.
2, 3, 324450473
What are the prime factors of 506291508?
2, 3, 59, 349, 683
List the prime factors of 117495603.
3, 131, 3691
List the prime factors of 104597738.
2, 7, 79, 94573
What are the prime factors of 99456327?
3, 83, 211, 631
List the prime factors of 2695493822.
2, 7, 53, 349, 1487
List the prime factors of 31659914.
2, 11, 13, 23, 4813
What are the prime factors of 3814057?
13, 43, 6823
What are the prime factors of 33559123?
13, 53, 919
List the prime factors of 397295586.
2, 3, 19, 1161683
What are the prime factors of 19083660?
2, 3, 5, 73, 4357
What are the prime factors of 8091097?
7, 47, 24593
What are the prime factors of 95398298?
2, 71, 73, 9203
What are the 